{"id":228941,"date":"2022-03-25T07:48:48","date_gmt":"2022-03-25T06:48:48","guid":{"rendered":"https:\/\/www.forbiker.it\/?post_type=product&#038;p=228941"},"modified":"2026-02-17T15:44:06","modified_gmt":"2026-02-17T14:44:06","slug":"thule-chariot-sport-1","status":"publish","type":"product","link":"https:\/\/www.forbiker.it\/index.php\/produkt\/thule-chariot-sport-1\/","title":{"rendered":"THULE CHARIOT SPORT2 SINGLE"},"content":{"rendered":"<div class=\"mb-5\">\n<p>Der Thule Chariot Sport 2 wurde f\u00fcr ein sicheres, einfaches und unterhaltsames Training entwickelt und erm\u00f6glicht Dir einen einfachen Wechsel zwischen Radfahren, Spazieren und Laufen. Mit einer schnellen, einh\u00e4ndigen 180-Grad-Raddrehung l\u00e4sst sich der Fahrradanh\u00e4nger in Sekundenschnelle in einen Kinderwagen verwandeln. Die neu gestaltete Deichsel verf\u00fcgt \u00fcber eine sichere Befestigung mit nur einem Klick, die die Anbringung vereinfacht und mit einem integrierten Schloss zus\u00e4tzlichen Schutz bietet. Mit flexiblen Sitzm\u00f6glichkeiten f\u00fcr ein oder zwei Kinder erf\u00fcllt der Thule Chariot Sport die individuellen Bed\u00fcrfnisse jeder Familie.<\/p>\n<p><iframe loading=\"lazy\" title=\"Thule Chariot 2 bike trailer\" width=\"1080\" height=\"608\" src=\"https:\/\/www.youtube.com\/embed\/Vh2tDCoRUl0?feature=oembed\"  allow=\"accelerometer; autoplay; clipboard-write; encrypted-media; gyroscope; picture-in-picture; web-share\" referrerpolicy=\"strict-origin-when-cross-origin\" allowfullscreen><\/iframe><\/p>\n<\/div>\n","protected":false},"excerpt":{"rendered":"<p>Der ultimative Anh\u00e4nger, Jogger und Kinderwagen mit herausragender Performance, Komfort und Stil f\u00fcr Sportler und ihre Kinder. Enth\u00e4lt das Standard-, Komfort- und Sport-Paket.<\/p>\n","protected":false},"featured_media":234836,"comment_status":"open","ping_status":"closed","template":"","meta":{"_et_pb_use_builder":"","_et_pb_old_content":"","_et_gb_content_width":""},"product_cat":[134],"product_tag":[185,186],"giftcard-category":[],"class_list":{"0":"post-228941","1":"product","2":"type-product","3":"status-publish","4":"has-post-thumbnail","6":"product_cat-kinderanhaenger","7":"product_tag-kinderanhaenger","8":"product_tag-thule","10":"first","11":"instock","12":"sale","13":"taxable","14":"shipping-taxable","15":"purchasable","16":"product-type-simple"},"_links":{"self":[{"href":"https:\/\/www.forbiker.it\/index.php\/wp-json\/wp\/v2\/product\/228941"}],"collection":[{"href":"https:\/\/www.forbiker.it\/index.php\/wp-json\/wp\/v2\/product"}],"about":[{"href":"https:\/\/www.forbiker.it\/index.php\/wp-json\/wp\/v2\/types\/product"}],"replies":[{"embeddable":true,"href":"https:\/\/www.forbiker.it\/index.php\/wp-json\/wp\/v2\/comments?post=228941"}],"wp:featuredmedia":[{"embeddable":true,"href":"https:\/\/www.forbiker.it\/index.php\/wp-json\/wp\/v2\/media\/234836"}],"wp:attachment":[{"href":"https:\/\/www.forbiker.it\/index.php\/wp-json\/wp\/v2\/media?parent=228941"}],"wp:term":[{"taxonomy":"product_cat","embeddable":true,"href":"https:\/\/www.forbiker.it\/index.php\/wp-json\/wp\/v2\/product_cat?post=228941"},{"taxonomy":"product_tag","embeddable":true,"href":"https:\/\/www.forbiker.it\/index.php\/wp-json\/wp\/v2\/product_tag?post=228941"},{"taxonomy":"giftcard-category","embeddable":true,"href":"https:\/\/www.forbiker.it\/index.php\/wp-json\/wp\/v2\/giftcard-category?post=228941"}],"curies":[{"name":"wp","href":"https:\/\/api.w.org\/{rel}","templated":true}]}}