{"id":232518,"date":"2024-08-27T11:02:09","date_gmt":"2024-08-27T09:02:09","guid":{"rendered":"https:\/\/www.forbiker.it\/?post_type=product&#038;p=232518"},"modified":"2026-02-04T08:35:54","modified_gmt":"2026-02-04T07:35:54","slug":"winora-yucatan-x10","status":"publish","type":"product","link":"https:\/\/www.forbiker.it\/index.php\/produkt\/winora-yucatan-x10\/","title":{"rendered":"WINORA YUCATAN X10"},"content":{"rendered":"<section class=\"mod mod-text-toggle -background-default-color h-spacing-bottom-inner h-spacing-top-inner\">\n<div class=\"row\">\n<div class=\"columns medium-offset-1 medium-10 large-7 large-centered\">\n<div class=\"text h-spacing-bottom-outer\">\n<section class=\"mod mod-text-toggle -background-default-color h-spacing-bottom-inner h-spacing-top-inner\">\n<div class=\"row\">\n<div class=\"columns medium-offset-1 medium-10 large-7 large-centered\">\n<div class=\"text h-spacing-bottom-outer\">\n<p class=\"text-center e-font-family-cond\">Reise schneller und weiter als je zuvor. Das Winora Yucatan X10 ist ein sportliches und dynamisches Trekking eBike, das bereit daf\u00fcr ist, mit dir gemeinsam Nah und Fern zu erkunden. Ausgestattet mit dem starken PW S2 Motor von Yamaha sowie zuverl\u00e4ssigen und hochwertigen Komponenten bietet es dir den idealen Unterst\u00fctzungsgrad bei all deinen eBike-Abenteuern \u2013 unabh\u00e4ngig davon, ob du mit Aktentasche oder Reisegep\u00e4ck unterwegs bist. Praktisch: Das Modular Rail System erm\u00f6glicht es dir, Zubeh\u00f6r f\u00fcr mehr Stauraum zu befestigen. Mit dem optionalen Range Extender kannst du zudem die Reichweite deines eBikes deutlich erh\u00f6hen. Kurzum: Mit dem Yucatan X10 bist du sowohl in der Stadt als auch auf dem Land bestens ger\u00fcstet \u2013 und reist schneller und weiter als je zuvor.<\/p>\n<\/div>\n<\/div>\n<\/div>\n<\/section>\n<\/div>\n<\/div>\n<\/div>\n<\/section>\n","protected":false},"excerpt":{"rendered":"<p>Reise schneller und weiter als je zuvor.<\/p>\n","protected":false},"featured_media":232522,"comment_status":"open","ping_status":"closed","template":"","meta":{"_et_pb_use_builder":"","_et_pb_old_content":"","_et_gb_content_width":""},"product_cat":[165,21,48,51],"product_tag":[78,161,267],"giftcard-category":[],"class_list":{"0":"post-232518","1":"product","2":"type-product","3":"status-publish","4":"has-post-thumbnail","6":"product_cat-angebote","7":"product_cat-ebikes","8":"product_cat-e-strassenraeder","9":"product_cat-citybikes-e-strassenraeder","10":"product_tag-city","11":"product_tag-easy-entry","12":"product_tag-yucatan","14":"first","15":"outofstock","16":"sale","17":"taxable","18":"shipping-taxable","19":"purchasable","20":"product-type-variable","21":"has-default-attributes"},"_links":{"self":[{"href":"https:\/\/www.forbiker.it\/index.php\/wp-json\/wp\/v2\/product\/232518"}],"collection":[{"href":"https:\/\/www.forbiker.it\/index.php\/wp-json\/wp\/v2\/product"}],"about":[{"href":"https:\/\/www.forbiker.it\/index.php\/wp-json\/wp\/v2\/types\/product"}],"replies":[{"embeddable":true,"href":"https:\/\/www.forbiker.it\/index.php\/wp-json\/wp\/v2\/comments?post=232518"}],"wp:featuredmedia":[{"embeddable":true,"href":"https:\/\/www.forbiker.it\/index.php\/wp-json\/wp\/v2\/media\/232522"}],"wp:attachment":[{"href":"https:\/\/www.forbiker.it\/index.php\/wp-json\/wp\/v2\/media?parent=232518"}],"wp:term":[{"taxonomy":"product_cat","embeddable":true,"href":"https:\/\/www.forbiker.it\/index.php\/wp-json\/wp\/v2\/product_cat?post=232518"},{"taxonomy":"product_tag","embeddable":true,"href":"https:\/\/www.forbiker.it\/index.php\/wp-json\/wp\/v2\/product_tag?post=232518"},{"taxonomy":"giftcard-category","embeddable":true,"href":"https:\/\/www.forbiker.it\/index.php\/wp-json\/wp\/v2\/giftcard-category?post=232518"}],"curies":[{"name":"wp","href":"https:\/\/api.w.org\/{rel}","templated":true}]}}