{"id":232851,"date":"2024-09-05T09:42:09","date_gmt":"2024-09-05T07:42:09","guid":{"rendered":"https:\/\/www.forbiker.it\/?post_type=product&#038;p=232851"},"modified":"2026-03-18T09:11:40","modified_gmt":"2026-03-18T08:11:40","slug":"cube-reaction-hybrid-one-2025","status":"publish","type":"product","link":"https:\/\/www.forbiker.it\/index.php\/produkt\/cube-reaction-hybrid-one-2025\/","title":{"rendered":"CUBE REACTION HYBRID ONE"},"content":{"rendered":"<p class=\"description\">Unser Spezialgebiet hier bei CUBE? Eindeutig unsere eleganten, hochwertigen Rahmen. Ein Paradebeispiel daf\u00fcr ist der schlanke, glatte Reaction Hybrid mit all seinen cleveren Features. Sein PowerTube Akku und der Bosch CX Motor sind so formsch\u00f6n, sauber und sicher ins Design integriert, dass sie kaum auffallen. Au\u00dferdem ist das Chassis PowerMore-ready, das hei\u00dft, es k\u00f6nnen bei Bedarf weitere 250 Wh mitfahren. Dazu betonen die integrierte Sattelklemmung und die interne Zugverlegung die cleane Optik. Was noch? Ein UDH f\u00fcr einfache Ersatzteilverf\u00fcgbarkeit, eine Aufnahme f\u00fcr die Kettenf\u00fchrung und die M\u00f6glichkeit, ACID Schutzbleche nachzur\u00fcsten. Last, but not least haben wir dank unserem Size Split System f\u00fcr so gut wie jeden Fahrer die perfekte Passform im Angebot. Fazit: Alles da, was wichtig ist \u2013 f\u00fcr maximalen Fahrspa\u00df!<\/p>\n","protected":false},"excerpt":{"rendered":"<p class=\"description\">Unser Spezialgebiet hier bei CUBE? Eindeutig unsere eleganten, hochwertigen Rahmen.<\/p>\n","protected":false},"featured_media":232866,"comment_status":"open","ping_status":"closed","template":"","meta":{"_et_pb_use_builder":"","_et_pb_old_content":"","_et_gb_content_width":""},"product_cat":[268,165,21,45,47],"product_tag":[151],"giftcard-category":[],"class_list":{"0":"post-232851","1":"product","2":"type-product","3":"status-publish","4":"has-post-thumbnail","6":"product_cat-268","7":"product_cat-angebote","8":"product_cat-ebikes","9":"product_cat-e-mountainbike","10":"product_cat-hardtail-e-mountainbike","11":"product_tag-reaction","13":"first","14":"outofstock","15":"sale","16":"taxable","17":"shipping-taxable","18":"purchasable","19":"product-type-variable","20":"has-default-attributes"},"_links":{"self":[{"href":"https:\/\/www.forbiker.it\/index.php\/wp-json\/wp\/v2\/product\/232851"}],"collection":[{"href":"https:\/\/www.forbiker.it\/index.php\/wp-json\/wp\/v2\/product"}],"about":[{"href":"https:\/\/www.forbiker.it\/index.php\/wp-json\/wp\/v2\/types\/product"}],"replies":[{"embeddable":true,"href":"https:\/\/www.forbiker.it\/index.php\/wp-json\/wp\/v2\/comments?post=232851"}],"wp:featuredmedia":[{"embeddable":true,"href":"https:\/\/www.forbiker.it\/index.php\/wp-json\/wp\/v2\/media\/232866"}],"wp:attachment":[{"href":"https:\/\/www.forbiker.it\/index.php\/wp-json\/wp\/v2\/media?parent=232851"}],"wp:term":[{"taxonomy":"product_cat","embeddable":true,"href":"https:\/\/www.forbiker.it\/index.php\/wp-json\/wp\/v2\/product_cat?post=232851"},{"taxonomy":"product_tag","embeddable":true,"href":"https:\/\/www.forbiker.it\/index.php\/wp-json\/wp\/v2\/product_tag?post=232851"},{"taxonomy":"giftcard-category","embeddable":true,"href":"https:\/\/www.forbiker.it\/index.php\/wp-json\/wp\/v2\/giftcard-category?post=232851"}],"curies":[{"name":"wp","href":"https:\/\/api.w.org\/{rel}","templated":true}]}}