{"id":232984,"date":"2024-09-05T11:09:29","date_gmt":"2024-09-05T09:09:29","guid":{"rendered":"https:\/\/www.forbiker.it\/?post_type=product&#038;p=232984"},"modified":"2026-04-04T06:47:04","modified_gmt":"2026-04-04T04:47:04","slug":"cube-supreme-hybrid-one-500-2025","status":"publish","type":"product","link":"https:\/\/www.forbiker.it\/index.php\/produkt\/cube-supreme-hybrid-one-500-2025\/","title":{"rendered":"CUBE SUPREME HYBRID PRO 625"},"content":{"rendered":"<p class=\"description\">Schlicht, elegant, praktisch und sicher: So l\u00e4sst sich der Supreme Hybrid Rahmen wohl am besten beschreiben. Dank PowerTube Design f\u00fcgt sich der Bosch 625 Wh Akku formsch\u00f6n ein, was f\u00fcr einen schlanken, harmonischen Look sorgt. Auch der Bosch Performance Motor verschwindet praktisch unbemerkt im Rahmen. Zudem macht dieser Tiefeinsteiger seinem Namen alle Ehre und erm\u00f6glicht bequemes und schnelles Auf- und Absitzen. Zugunsten erstklassiger Lenkpr\u00e4zision und einfachem, intuitivem Handling haben wir uns f\u00fcr ein superstabiles und sicheres konifiziertes Steuerrohr entschieden. Der Rahmen wurde mit einen semi-integrierten Gep\u00e4cktr\u00e4ger ausgestattet. Doch praktisch ist nicht alles \u2013 f\u00fcr eine durch und durch authentische, elegante Optik kam unser Smooth Welding Verfahren zum Einsatz. \u00dcbrigens ist das Chassis in vielen verschiedenen Gr\u00f6\u00dfen von 42 bis 58 cm verf\u00fcgbar \u2013 so findest du garantiert die richtige Passform f\u00fcr dich.<\/p>\n","protected":false},"excerpt":{"rendered":"<p class=\"description\">Schlicht, elegant, praktisch und sicher: So l\u00e4sst sich der Supreme Hybrid Rahmen wohl am besten beschreiben.<\/p>\n","protected":false},"featured_media":233000,"comment_status":"open","ping_status":"closed","template":"","meta":{"_et_pb_use_builder":"","_et_pb_old_content":"","_et_gb_content_width":""},"product_cat":[283,21,48,51],"product_tag":[78],"giftcard-category":[],"class_list":{"0":"post-232984","1":"product","2":"type-product","3":"status-publish","4":"has-post-thumbnail","6":"product_cat-283","7":"product_cat-ebikes","8":"product_cat-e-strassenraeder","9":"product_cat-citybikes-e-strassenraeder","10":"product_tag-city","12":"first","13":"outofstock","14":"taxable","15":"shipping-taxable","16":"purchasable","17":"product-type-variable"},"_links":{"self":[{"href":"https:\/\/www.forbiker.it\/index.php\/wp-json\/wp\/v2\/product\/232984"}],"collection":[{"href":"https:\/\/www.forbiker.it\/index.php\/wp-json\/wp\/v2\/product"}],"about":[{"href":"https:\/\/www.forbiker.it\/index.php\/wp-json\/wp\/v2\/types\/product"}],"replies":[{"embeddable":true,"href":"https:\/\/www.forbiker.it\/index.php\/wp-json\/wp\/v2\/comments?post=232984"}],"wp:featuredmedia":[{"embeddable":true,"href":"https:\/\/www.forbiker.it\/index.php\/wp-json\/wp\/v2\/media\/233000"}],"wp:attachment":[{"href":"https:\/\/www.forbiker.it\/index.php\/wp-json\/wp\/v2\/media?parent=232984"}],"wp:term":[{"taxonomy":"product_cat","embeddable":true,"href":"https:\/\/www.forbiker.it\/index.php\/wp-json\/wp\/v2\/product_cat?post=232984"},{"taxonomy":"product_tag","embeddable":true,"href":"https:\/\/www.forbiker.it\/index.php\/wp-json\/wp\/v2\/product_tag?post=232984"},{"taxonomy":"giftcard-category","embeddable":true,"href":"https:\/\/www.forbiker.it\/index.php\/wp-json\/wp\/v2\/giftcard-category?post=232984"}],"curies":[{"name":"wp","href":"https:\/\/api.w.org\/{rel}","templated":true}]}}