{"id":233076,"date":"2024-09-05T15:47:41","date_gmt":"2024-09-05T13:47:41","guid":{"rendered":"https:\/\/www.forbiker.it\/?post_type=product&#038;p=233076"},"modified":"2025-08-11T09:44:46","modified_gmt":"2025-08-11T07:44:46","slug":"cube-nuroad-hybrid-c62-race-fe-400x","status":"publish","type":"product","link":"https:\/\/www.forbiker.it\/index.php\/produkt\/cube-nuroad-hybrid-c62-race-fe-400x\/","title":{"rendered":"CUBE NUROAD HYBRID C:62 RACE FE 400X"},"content":{"rendered":"<p>F\u00fcr die Entwicklung eines wirklich praktischen Bike-Rahmens geh\u00f6rt weit mehr dazu, als einfach nur Schutzbleche und Gep\u00e4cktr\u00e4ger dranzuschrauben. Was nicht hei\u00dft, dass wir das beim Nuroad Hybrid C:62 FE nicht getan h\u00e4tten. Dieses superelegante, clean gestaltete C:62\u00ae Chassis steckt voller genialer Details, wie gen\u00fcgend Reifenfreiheit f\u00fcr die Montage von bis zu 50 mm breiten Pneus, sogar mit Schutzblechen. Die Vollcarbongabel haben wir mit Verschraubungspunkten f\u00fcr einen Low Rider Gep\u00e4cktr\u00e4ger versehen. Au\u00dferdem gibt es eine leichte Direct-Mount-Kettenf\u00fchrung, eine Aufnahme f\u00fcr einen Flat Mount Seitenst\u00e4nder, eine Boost Steckachse und ein UDH Schaltauge. Die Leistung des PowerMore-ready Motors von Bosch kann um einen zus\u00e4tzlichen 250 Wh Akku erweitert werden. Clever: Das Cockpit ist sauber ins Oberrohr integriert und wird per Mini-Remote am Lenker bedient. Das w\u00e4r&#8217;s von unserer Seite \u2013 aufsitzen und losfahren musst du!<\/p>\n","protected":false},"excerpt":{"rendered":"<p>F\u00fcr die Entwicklung eines wirklich praktischen Bike-Rahmens geh\u00f6rt weit mehr dazu, als einfach nur Schutzbleche und Gep\u00e4cktr\u00e4ger dranzuschrauben.<\/p>\n","protected":false},"featured_media":233081,"comment_status":"open","ping_status":"closed","template":"","meta":{"_et_pb_use_builder":"off","_et_pb_old_content":"Clever konstruiert, ist halb gewonnen \u2013 das gilt auch f\u00fcr den schlanken Rahmen dieses beliebten Stereo Hybrid Trail-E-Bikes. Dank unserem Modular Battery System f\u00fcgt sich der bis zu 750 Wh starke Akku fast unsichtbar ins Chassis ein und ist dort zugleich optimal vor Schmutz und Spritzwasser gesch\u00fctzt. Weil die Z\u00fcge komplett im Inneren verlaufen, sieht es zudem nicht nur superelegant aus, sondern kommt am Steuerrohr auch komplett ohne Zugeing\u00e4nge aus. Unser ausgekl\u00fcgeltes Viergelenker-Design reagiert sensibel auf Schl\u00e4ge und Vibrationen auf ruppigen Trails. Und unsere Comfort Geometry mit einem Boost 148 Hinterbau und 1.5 Zoll Steuerrohr f\u00fcr mehr Steifigkeit vereinfacht das allgemeine Handling. F\u00fcr top Vielseitigkeit und Flexibilit\u00e4t l\u00e4sst sich der Rahmen sogar mit Schutzblechen, Gep\u00e4cktr\u00e4ger und Seitenst\u00e4nder nachr\u00fcsten. Wie auch immer der Trail-Plan lautet, dieses Bike steht bereit!","_et_gb_content_width":""},"product_cat":[261,21,45],"product_tag":[68,42],"giftcard-category":[],"class_list":{"0":"post-233076","1":"product","2":"type-product","3":"status-publish","4":"has-post-thumbnail","6":"product_cat-light-e-mtb","7":"product_cat-ebikes","8":"product_cat-e-mountainbike","9":"product_tag-ebike","10":"product_tag-gravel","12":"first","13":"outofstock","14":"taxable","15":"shipping-taxable","16":"purchasable","17":"product-type-variable"},"_links":{"self":[{"href":"https:\/\/www.forbiker.it\/index.php\/wp-json\/wp\/v2\/product\/233076"}],"collection":[{"href":"https:\/\/www.forbiker.it\/index.php\/wp-json\/wp\/v2\/product"}],"about":[{"href":"https:\/\/www.forbiker.it\/index.php\/wp-json\/wp\/v2\/types\/product"}],"replies":[{"embeddable":true,"href":"https:\/\/www.forbiker.it\/index.php\/wp-json\/wp\/v2\/comments?post=233076"}],"wp:featuredmedia":[{"embeddable":true,"href":"https:\/\/www.forbiker.it\/index.php\/wp-json\/wp\/v2\/media\/233081"}],"wp:attachment":[{"href":"https:\/\/www.forbiker.it\/index.php\/wp-json\/wp\/v2\/media?parent=233076"}],"wp:term":[{"taxonomy":"product_cat","embeddable":true,"href":"https:\/\/www.forbiker.it\/index.php\/wp-json\/wp\/v2\/product_cat?post=233076"},{"taxonomy":"product_tag","embeddable":true,"href":"https:\/\/www.forbiker.it\/index.php\/wp-json\/wp\/v2\/product_tag?post=233076"},{"taxonomy":"giftcard-category","embeddable":true,"href":"https:\/\/www.forbiker.it\/index.php\/wp-json\/wp\/v2\/giftcard-category?post=233076"}],"curies":[{"name":"wp","href":"https:\/\/api.w.org\/{rel}","templated":true}]}}