{"id":235339,"date":"2025-09-04T18:20:28","date_gmt":"2025-09-04T16:20:28","guid":{"rendered":"https:\/\/www.forbiker.it\/?post_type=product&#038;p=235339"},"modified":"2026-03-31T10:36:00","modified_gmt":"2026-03-31T08:36:00","slug":"cube-reaction-hybrid-performance-600-2","status":"publish","type":"product","link":"https:\/\/www.forbiker.it\/index.php\/produkt\/cube-reaction-hybrid-performance-600-2\/","title":{"rendered":"CUBE REACTION HYBRID PERFORMANCE 600"},"content":{"rendered":"<p class=\"description\">Das Herzst\u00fcck des vielseitigen und robusten Reaction Hybrid Performance Rahmens? Der leise, aber enorm leistungsstarke Bosch Performance Motor mit bis zu 75 Nm Drehmoment und Bosch Smart System. Dazu kommt ein 600 Wh Akku, damit dem Bike nie fr\u00fchzeitig der Saft ausgeht! Weitere geniale Features sind eine Flat Mount Seitenst\u00e4nderaufnahme und genug Platz zum Anbringen eines Rahmenschlosses. Die nach innen verlegten Z\u00fcge und ein innovativer Speed-Sensor spielen der cleanen Linienf\u00fchrung des Chassis&#8217; in die Karten, au\u00dferdem haben wir ein X-Connect System integriert, sodass ohne Weiteres ein kompatibles ACID Vorderlicht aufgesteckt werden kann. Clever: Dank Size Split System haben wir f\u00fcr alle die richtige Passform im Angebot.<\/p>\n","protected":false},"excerpt":{"rendered":"<p class=\"description\">Das Herzst\u00fcck des vielseitigen und robusten Reaction Hybrid Performance Rahmens? Der leise, aber enorm leistungsstarke Bosch Performance Motor mit bis zu 75 Nm Drehmoment und Bosch Smart System.<\/p>\n","protected":false},"featured_media":235344,"comment_status":"open","ping_status":"closed","template":"","meta":{"_et_pb_use_builder":"","_et_pb_old_content":"","_et_gb_content_width":""},"product_cat":[283,21,45,47],"product_tag":[151],"giftcard-category":[],"class_list":{"0":"post-235339","1":"product","2":"type-product","3":"status-publish","4":"has-post-thumbnail","6":"product_cat-283","7":"product_cat-ebikes","8":"product_cat-e-mountainbike","9":"product_cat-hardtail-e-mountainbike","10":"product_tag-reaction","12":"first","13":"outofstock","14":"taxable","15":"shipping-taxable","16":"purchasable","17":"product-type-variable"},"_links":{"self":[{"href":"https:\/\/www.forbiker.it\/index.php\/wp-json\/wp\/v2\/product\/235339"}],"collection":[{"href":"https:\/\/www.forbiker.it\/index.php\/wp-json\/wp\/v2\/product"}],"about":[{"href":"https:\/\/www.forbiker.it\/index.php\/wp-json\/wp\/v2\/types\/product"}],"replies":[{"embeddable":true,"href":"https:\/\/www.forbiker.it\/index.php\/wp-json\/wp\/v2\/comments?post=235339"}],"wp:featuredmedia":[{"embeddable":true,"href":"https:\/\/www.forbiker.it\/index.php\/wp-json\/wp\/v2\/media\/235344"}],"wp:attachment":[{"href":"https:\/\/www.forbiker.it\/index.php\/wp-json\/wp\/v2\/media?parent=235339"}],"wp:term":[{"taxonomy":"product_cat","embeddable":true,"href":"https:\/\/www.forbiker.it\/index.php\/wp-json\/wp\/v2\/product_cat?post=235339"},{"taxonomy":"product_tag","embeddable":true,"href":"https:\/\/www.forbiker.it\/index.php\/wp-json\/wp\/v2\/product_tag?post=235339"},{"taxonomy":"giftcard-category","embeddable":true,"href":"https:\/\/www.forbiker.it\/index.php\/wp-json\/wp\/v2\/giftcard-category?post=235339"}],"curies":[{"name":"wp","href":"https:\/\/api.w.org\/{rel}","templated":true}]}}