{"id":235446,"date":"2025-09-05T09:18:33","date_gmt":"2025-09-05T07:18:33","guid":{"rendered":"https:\/\/www.forbiker.it\/?post_type=product&#038;p=235446"},"modified":"2026-03-31T10:46:13","modified_gmt":"2026-03-31T08:46:13","slug":"cube-aruba-hybrid-600-2026-2","status":"publish","type":"product","link":"https:\/\/www.forbiker.it\/index.php\/produkt\/cube-aruba-hybrid-600-2026-2\/","title":{"rendered":"CUBE ARUBA HYBRID 600"},"content":{"rendered":"<p class=\"description\">Superschick und superstylish \u2013 so der erste Eindruck des Aruba Hybrid. Doch auch in Sachen Funktionalit\u00e4t und Performance muss sich dieses Chassis nicht verstecken. Seinen Bosch Motor haben wir samt 600 Wh Akku formsch\u00f6n in unser PowerTube Rahmendesign integriert \u2013 damit geht&#8217;s ebenso entspannt wie elegant durch die Stadt. Unser Smooth Welding Verfahren unterstreicht die unwiderstehlich cleane Linienf\u00fchrung. Ein stabiles, sicheres 1.5 Zoll Steuerrohr sorgt f\u00fcr 1a-Lenkpr\u00e4zision und dadurch ein einfaches, intuitives Handling. Praktisch und sch\u00f6n: Die Tiefeinsteiger-Konstruktion erleichtert das Auf- und Absitzen ma\u00dfgeblich, dazu gibt&#8217;s einen semi-integrierten Gep\u00e4cktr\u00e4ger. Selbstredend, dass s\u00e4mtliche Details farblich aufeinander abgestimmt sind.<\/p>\n","protected":false},"excerpt":{"rendered":"<p class=\"description\">Superschick und superstylish \u2013 so der erste Eindruck des Aruba Hybrid.<\/p>\n","protected":false},"featured_media":235449,"comment_status":"open","ping_status":"closed","template":"","meta":{"_et_pb_use_builder":"","_et_pb_old_content":"","_et_gb_content_width":""},"product_cat":[283,21,48,51],"product_tag":[78,288],"giftcard-category":[],"class_list":{"0":"post-235446","1":"product","2":"type-product","3":"status-publish","4":"has-post-thumbnail","6":"product_cat-283","7":"product_cat-ebikes","8":"product_cat-e-strassenraeder","9":"product_cat-citybikes-e-strassenraeder","10":"product_tag-city","11":"product_tag-vintage","13":"first","14":"outofstock","15":"taxable","16":"shipping-taxable","17":"purchasable","18":"product-type-variable"},"_links":{"self":[{"href":"https:\/\/www.forbiker.it\/index.php\/wp-json\/wp\/v2\/product\/235446"}],"collection":[{"href":"https:\/\/www.forbiker.it\/index.php\/wp-json\/wp\/v2\/product"}],"about":[{"href":"https:\/\/www.forbiker.it\/index.php\/wp-json\/wp\/v2\/types\/product"}],"replies":[{"embeddable":true,"href":"https:\/\/www.forbiker.it\/index.php\/wp-json\/wp\/v2\/comments?post=235446"}],"wp:featuredmedia":[{"embeddable":true,"href":"https:\/\/www.forbiker.it\/index.php\/wp-json\/wp\/v2\/media\/235449"}],"wp:attachment":[{"href":"https:\/\/www.forbiker.it\/index.php\/wp-json\/wp\/v2\/media?parent=235446"}],"wp:term":[{"taxonomy":"product_cat","embeddable":true,"href":"https:\/\/www.forbiker.it\/index.php\/wp-json\/wp\/v2\/product_cat?post=235446"},{"taxonomy":"product_tag","embeddable":true,"href":"https:\/\/www.forbiker.it\/index.php\/wp-json\/wp\/v2\/product_tag?post=235446"},{"taxonomy":"giftcard-category","embeddable":true,"href":"https:\/\/www.forbiker.it\/index.php\/wp-json\/wp\/v2\/giftcard-category?post=235446"}],"curies":[{"name":"wp","href":"https:\/\/api.w.org\/{rel}","templated":true}]}}