{"id":236619,"date":"2026-02-11T08:11:01","date_gmt":"2026-02-11T07:11:01","guid":{"rendered":"https:\/\/www.forbiker.it\/?post_type=product&#038;p=236619"},"modified":"2026-04-17T17:34:57","modified_gmt":"2026-04-17T15:34:57","slug":"cube-stereo-hyb-one44-pro-fe","status":"publish","type":"product","link":"https:\/\/www.forbiker.it\/index.php\/produkt\/cube-stereo-hyb-one44-pro-fe\/","title":{"rendered":"CUBE STEREO HYB ONE44 PRO FE"},"content":{"rendered":"<p>Ein Blick auf die serienm\u00e4\u00dfig verbauten Schutzbleche, den semi-integrierten Gep\u00e4cktr\u00e4ger und die Lichtanlage und es ist klar: Beim Stereo Hybrid ONE44 FE handelt es sich um einen absoluten Vielseitigkeitsprofi. Doch das praktische Zubeh\u00f6r erz\u00e4hlt nur einen Teil der Geschichte. Sein Bosch CX Motor mit bis zu 100 Nm Drehmoment wird von einem kompakten 800 Wh PowerTube Akku gespeist. 140 mm Federweg vorne und hinten sorgen f\u00fcr erstklassiges Handling und b\u00e4renstarke Performance im Gel\u00e4nde. Au\u00dferdem spielt unser Internal Cable Routing der cleanen, eleganten Optik des Rahmens in die Karten. Dazu kommen ein UDH Schaltauge f\u00fcr einfache Ersatzteilverf\u00fcgbarkeit und eine unauff\u00e4llig und formsch\u00f6n ins Design integrierte Direct Mount Kettenf\u00fchrung. Clever: Dank Size Split haben wir f\u00fcr so gut wie alle die richtige Passform im Angebot.<\/p>\n","protected":false},"excerpt":{"rendered":"<p>Ein Blick auf die serienm\u00e4\u00dfig verbauten Schutzbleche, den semi-integrierten Gep\u00e4cktr\u00e4ger und die Lichtanlage und es ist klar: Beim Stereo Hybrid ONE44 FE handelt es sich um einen absoluten Vielseitigkeitsprofi.<\/p>\n","protected":false},"featured_media":236629,"comment_status":"open","ping_status":"closed","template":"","meta":{"_et_pb_use_builder":"off","_et_pb_old_content":"Clever konstruiert, ist halb gewonnen \u2013 das gilt auch f\u00fcr den schlanken Rahmen dieses beliebten Stereo Hybrid Trail-E-Bikes. Dank unserem Modular Battery System f\u00fcgt sich der bis zu 750 Wh starke Akku fast unsichtbar ins Chassis ein und ist dort zugleich optimal vor Schmutz und Spritzwasser gesch\u00fctzt. Weil die Z\u00fcge komplett im Inneren verlaufen, sieht es zudem nicht nur superelegant aus, sondern kommt am Steuerrohr auch komplett ohne Zugeing\u00e4nge aus. Unser ausgekl\u00fcgeltes Viergelenker-Design reagiert sensibel auf Schl\u00e4ge und Vibrationen auf ruppigen Trails. Und unsere Comfort Geometry mit einem Boost 148 Hinterbau und 1.5 Zoll Steuerrohr f\u00fcr mehr Steifigkeit vereinfacht das allgemeine Handling. F\u00fcr top Vielseitigkeit und Flexibilit\u00e4t l\u00e4sst sich der Rahmen sogar mit Schutzblechen, Gep\u00e4cktr\u00e4ger und Seitenst\u00e4nder nachr\u00fcsten. Wie auch immer der Trail-Plan lautet, dieses Bike steht bereit!","_et_gb_content_width":""},"product_cat":[283,21,45,46],"product_tag":[68,230],"giftcard-category":[],"class_list":{"0":"post-236619","1":"product","2":"type-product","3":"status-publish","4":"has-post-thumbnail","6":"product_cat-283","7":"product_cat-ebikes","8":"product_cat-e-mountainbike","9":"product_cat-fullsuspension-e-mountainbike","10":"product_tag-ebike","11":"product_tag-one44","13":"first","14":"outofstock","15":"taxable","16":"shipping-taxable","17":"purchasable","18":"product-type-variable"},"_links":{"self":[{"href":"https:\/\/www.forbiker.it\/index.php\/wp-json\/wp\/v2\/product\/236619"}],"collection":[{"href":"https:\/\/www.forbiker.it\/index.php\/wp-json\/wp\/v2\/product"}],"about":[{"href":"https:\/\/www.forbiker.it\/index.php\/wp-json\/wp\/v2\/types\/product"}],"replies":[{"embeddable":true,"href":"https:\/\/www.forbiker.it\/index.php\/wp-json\/wp\/v2\/comments?post=236619"}],"wp:featuredmedia":[{"embeddable":true,"href":"https:\/\/www.forbiker.it\/index.php\/wp-json\/wp\/v2\/media\/236629"}],"wp:attachment":[{"href":"https:\/\/www.forbiker.it\/index.php\/wp-json\/wp\/v2\/media?parent=236619"}],"wp:term":[{"taxonomy":"product_cat","embeddable":true,"href":"https:\/\/www.forbiker.it\/index.php\/wp-json\/wp\/v2\/product_cat?post=236619"},{"taxonomy":"product_tag","embeddable":true,"href":"https:\/\/www.forbiker.it\/index.php\/wp-json\/wp\/v2\/product_tag?post=236619"},{"taxonomy":"giftcard-category","embeddable":true,"href":"https:\/\/www.forbiker.it\/index.php\/wp-json\/wp\/v2\/giftcard-category?post=236619"}],"curies":[{"name":"wp","href":"https:\/\/api.w.org\/{rel}","templated":true}]}}